{"id":151,"date":"2017-08-27T10:28:07","date_gmt":"2017-08-27T10:28:07","guid":{"rendered":"http:\/\/revizemarek.cz\/?page_id=151"},"modified":"2017-08-27T10:28:07","modified_gmt":"2017-08-27T10:28:07","slug":"plynove-kotle","status":"publish","type":"page","link":"https:\/\/revizemarek.cz\/?page_id=151","title":{"rendered":"Plynov\u00e9 kotle"},"content":{"rendered":"<p>Instalace a mont\u00e1\u017e plynov\u00fdch kotl\u016f<\/p>\n","protected":false},"excerpt":{"rendered":"<p>Instalace a mont\u00e1\u017e plynov\u00fdch kotl\u016f<\/p>\n","protected":false},"author":1,"featured_media":0,"parent":0,"menu_order":0,"comment_status":"closed","ping_status":"closed","template":"","meta":{"footnotes":""},"wppr_data":{"cwp_meta_box_check":"No"},"_links":{"self":[{"href":"https:\/\/revizemarek.cz\/index.php?rest_route=\/wp\/v2\/pages\/151"}],"collection":[{"href":"https:\/\/revizemarek.cz\/index.php?rest_route=\/wp\/v2\/pages"}],"about":[{"href":"https:\/\/revizemarek.cz\/index.php?rest_route=\/wp\/v2\/types\/page"}],"author":[{"embeddable":true,"href":"https:\/\/revizemarek.cz\/index.php?rest_route=\/wp\/v2\/users\/1"}],"replies":[{"embeddable":true,"href":"https:\/\/revizemarek.cz\/index.php?rest_route=%2Fwp%2Fv2%2Fcomments&post=151"}],"version-history":[{"count":1,"href":"https:\/\/revizemarek.cz\/index.php?rest_route=\/wp\/v2\/pages\/151\/revisions"}],"predecessor-version":[{"id":152,"href":"https:\/\/revizemarek.cz\/index.php?rest_route=\/wp\/v2\/pages\/151\/revisions\/152"}],"wp:attachment":[{"href":"https:\/\/revizemarek.cz\/index.php?rest_route=%2Fwp%2Fv2%2Fmedia&parent=151"}],"curies":[{"name":"wp","href":"https:\/\/api.w.org\/{rel}","templated":true}]}}